ctor of 212945?
False
Is 289 a factor of 125137?
True
Does 68 divide 238130?
False
Is 40 a factor of 93280?
True
Does 20 divide 9361?
False
Does 117 divide 389127?
False
Does 18 divide 6281702?
False
Is 59937 a multiple of 6?
False
Is 4 a factor of 9073?
False
Does 4 divide 665068?
True
Is 1318120 a multiple of 310?
True
Is 6 a factor of 1271184?
True
Is 40188 a multiple of 6?
True
Is 24 a factor of 88605?
False
Is 1123630 a multiple of 169?
False
Is 18682 a multiple of 71?
False
Does 55 divide 1560625?
True
Is 1637337 a multiple of 39?
True
Is 65 a factor of 254840?
False
Is 182 a factor of 14757652?
True
Is 72480 a multiple of 10?
True
Does 11 divide 253278?
False
Does 32 divide 81152?
True
Does 220 divide 176440?
True
Is 729 a factor of 1726360?
False
Does 37 divide 844383?
False
Is 6254218 a multiple of 646?
False
Does 2 divide 87286?
True
Is 283 a factor of 79240?
True
Is 34 a factor of 9430002?
True
Is 23532 a multiple of 53?
True
Is 89260 a multiple of 20?
True
Is 67 a factor of 51657?
True
Does 157 divide 1328920?
False
Is 37863 a multiple of 2?
False
Is 5248399 a multiple of 11?
False
Does 9 divide 15236?
False
Is 406532 a multiple of 28?
True
Is 590632 a multiple of 14?
True
Is 233 a factor of 398430?
True
Does 439 divide 2225291?
True
Does 34 divide 718399?
False
Is 89896 a multiple of 204?
False
Does 178 divide 359382?
True
Is 1564500 a multiple of 30?
True
Does 14 divide 527335?
False
Is 8828596 a multiple of 161?
True
Does 19 divide 1689021?
False
Is 1156 a factor of 7899284?
False
Does 228 divide 178488?
False
Is 9669 a multiple of 15?
False
Is 99 a factor of 2497770?
True
Does 14 divide 85486?
False
Is 1337735 a multiple of 185?
True
Is 46 a factor of 131329?
False
Is 23 a factor of 3056631?
True
Is 128143 a multiple of 14?
False
Does 71 divide 3521103?
True
Is 447 a factor of 10130324?
False
Is 83455 a multiple of 263?
False
Is 17179340 a multiple of 655?
True
Does 28 divide 3016885?
False
Does 100 divide 9029331?
False
Does 67 divide 717704?
True
Is 81 a factor of 500904?
True
Does 357 divide 892500?
True
Does 8 divide 284483?
False
Is 31 a factor of 600803?
False
Does 39 divide 228852?
True
Is 635712 a multiple of 42?
True
Is 31 a factor of 15675165?
False
Is 501106 a multiple of 16?
False
Does 268 divide 333124?
True
Is 2684925 a multiple of 114?
False
Is 79 a factor of 7482?
False
Is 42252 a multiple of 67?
False
Is 11 a factor of 101640?
True
Does 748 divide 2531980?
True
Is 912 a factor of 2395824?
True
Is 335400 a multiple of 129?
True
Is 3137859 a multiple of 999?
True
Is 1957362 a multiple of 282?
True
Does 4 divide 834287?
False
Is 36572 a multiple of 44?
False
Is 18 a factor of 2787084?
True
Is 57060 a multiple of 36?
True
Is 75759 a multiple of 23?
False
Does 46 divide 9984806?
True
Is 1304 a factor of 6825136?
True
Is 85124 a multiple of 13?
True
Is 15 a factor of 2061090?
True
Is 40 a factor of 582401?
False
Is 1980 a factor of 3391740?
True
Does 941 divide 18944490?
False
Is 17 a factor of 2111331?
False
Is 26 a factor of 177646?
False
Does 17 divide 2402610?
True
Does 43 divide 202076?
False
Is 58 a factor of 562542?
True
Does 30 divide 604740?
True
Is 19868814 a multiple of 98?
True
Does 4 divide 170504?
True
Is 270221 a multiple of 13?
False
Is 128 a factor of 1119744?
True
Is 6 a factor of 68970?
True
Does 109 divide 5579165?
True
Is 737 a factor of 18146066?
False
Is 6840114 a multiple of 29?
True
Is 310197 a multiple of 5?
False
Is 8 a factor of 262096?
True
Does 881 divide 14406993?
True
Is 1292188 a multiple of 74?
True
Does 10 divide 315510?
True
Is 1157706 a multiple of 33?
True
Does 127 divide 590802?
False
Is 9048660 a multiple of 10?
True
Does 420 divide 1273451?
False
Is 20404260 a multiple of 12?
True
Does 42 divide 47019?
False
Is 115 a factor of 690460?
True
Is 1398 a factor of 5201958?
True
Is 87 a factor of 1217038?
False
Is 35 a factor of 1214640?
True
Is 215142 a multiple of 23?
True
Is 14 a factor of 2433358?
False
Is 140735 a multiple of 722?
False
Is 262919 a multiple of 163?
True
Is 2748 a multiple of 3?
True
Is 14 a factor of 11579265?
False
Does 25 divide 88063?
False
Does 105 divide 3571260?
True
Does 9 divide 3740603?
False
Does 37 divide 2273724?
True
Is 99696 a multiple of 44?
False
Is 16 a factor of 4775744?
True
Does 464 divide 696219?
False
Is 7 a factor of 3387473?
False
Does 123 divide 1722738?
True
Is 193 a factor of 3929375?
False
Is 133 a factor of 10781660?
False
Does 63 divide 20741?
False
Does 26 divide 200356?
True
Does 5 divide 178590?
True
Is 183768 a multiple of 456?
True
Does 8 divide 494296?
True
Is 81 a factor of 996138?
True
Does 37 divide 796314?
True
Is 80418 a multiple of 26?
True
Is 14 a factor of 1157212?
True
Is 7 a factor of 989664?
False
Does 349 divide 108209?
False
Is 44 a factor of 760892?
True
Does 3 divide 129861?
True
Is 1810765 a multiple of 513?
False
Is 425898 a multiple of 478?
True
Is 397 a factor of 685619?
True
Does 265 divide 2862265?
True
Is 24452 a multiple of 9?
False
Is 149500 a multiple of 115?
True
Is 13 a factor of 1893356?
False
Is 5293454 a multiple of 173?
True
Does 11 divide 243243?
True
Is 83 a factor of 245763?
True
Is 8 a factor of 93449?
False
Is 27 a factor of 16794?
True
Is 1881735 a multiple of 379?
True
Is 142 a factor of 5851925?
False
Is 68 a factor of 146132?
True
Is 277 a factor of 8439913?
True
Is 295230 a multiple of 96?
False
Does 1105 divide 3550365?
True
Does 236 divide 1191273?
False
Is 2171 a factor of 14947386?
False
Is 23 a factor of 20710758?
False
Is 17 a factor of 103145?
False
Does 350 divide 241500?
True
Does 10 divide 73475?
False
Does 211 divide 214376?
True
Is 199 a factor of 96714?
True
Does 97 divide 1393405?
True
Is 158 a factor of 3065674?
True
Does 85 divide 113914?
False
Is 503310 a multiple of 15?
True
Does 388 divide 1869764?
False
Does 13 divide 68146?
True
Does 21 divide 1466581?
False
Does 3 divide 1166835?
True
Is 536290 a multiple of 221?
False
Is 2043 a factor of 10363191?
False
Does 183 divide 2809010?
False
Is 5 a factor of 51730?
True
Is 16051 a multiple of 8?
False
Does 19 divide 137636?
True
Is 67 a factor of 88641?
True
Does 24 divide 96432?
True
Is 341668 a multiple of 99?
False
Is 9390015 a multiple of 45?
True
Is 1404830 a multiple of 70?
True
Does 117 divide 290453?
False
Is 136 a factor of 1591744?
True
Does 383 divide 15165?
False
Is 37 a factor of 493654?
True
Is 909201 a multiple of 9?
False
Does 53 divide 668118?
True
Is 3145378 a multiple of 12?
False
Is 186177 a multiple of 105?
False
Is 523400 a multiple of 5?
True
Is 10295105 a multiple of 220?
False
Is 146976 a multiple of 16?
True
Does 300 divide 6140400?
True
Does 351 divide 769743?
True
Is 2026332 a multiple of 11?
True
Is 602290 a multiple of 2?
True
Does 186 divide 11659596?
True
Is 837504 a multiple of 313?
False
Does 59 divide 151525?
False
Is 102 a factor of 1174211?
False
Is 363 a factor of 200251?
False
Does 28 divide 219365?
False
Does 31 divide 4543173?
False
Is 25225 a multiple of 139?
False
Is 32 a factor of 38208?
True
Is 1125886 a multiple of 230?
False
Is 24 a factor of 3425955?
False
Is 40 a factor of 12707412?
False
Does 288 divide 3992256?
True
Is 31690 a multiple of 49?
False
Does 52 divide 560560?
True
Does 49 divide 10881528?
True
Does 14 divide 2014768?
True
Is 2037 a factor of 14701375?
False
Is 158785 a multiple of 55?
True
Is 644964 a multiple of 276?
False
Is 585882 a multiple of 1339?
False
Is 50 a factor of 690137?
False
Is 60 a factor of 122880?
True
Does 9 divide 2543130?
True
Is 571 a factor of 1124870?
True
Is 451254 a multiple of 177?
False
Is 119 a factor of 5078920?
True
Is 29 a factor of 1018524?
False
Is 3050696 a multiple of 1029?
False
Does 63 divide 154728?
True
Does 20 divide 2251487?
False
Does 104 divide 1426360?
True
Is 14 a factor of 5058772?
False
Is 541322 a multiple of 160?
False
Is 9178368 a multiple of 816?
True
Does 13 divide 1457673?
False
Is 437 a factor of 11655315?
False
Is 10033 a multiple of 4?
False
Does 10 divide 20557640?
True
Is 139256 a multiple of 6?
False
Is 4344145 a multiple of 359?
False
Does 4 divide 568178?
False
Is 9 a factor of 1960488?
True
Is 128 a factor of 2959360?
True
Does 596 divide 2848284?
True
Does 117 divide 972250?
False
Does 6 di